*i + 30*i, 2*q = 3*i + 180343. Is q prime?
True
Let z be (-20)/(-30)*4*3. Suppose -z*p = -0*p - 22904. Is p a prime number?
False
Suppose 329336 - 34418 = 13*l. Suppose 20*h = 14*h + l. Is h a prime number?
False
Suppose -16*l - 28029 - 249155 = 0. Let n = 35877 + l. Is n prime?
True
Let c = -639092 + 1313565. Is c a prime number?
False
Let f be (-925 - 1)/(1/(-36)). Is 66/78 - 1 - f/(-26) a prime number?
False
Suppose -92*s = -97*s + 5*q + 18000, -2*s + 7193 = -q. Is s composite?
False
Let z = -95 + 169. Let n(u) = -15 - z*u - 27*u + 227*u + 224*u. Is n(5) a prime number?
False
Suppose -86*p + 50110086 = 40*p + 48*p. Is p a composite number?
True
Let h = 3868781 + -2542788. Is h a composite number?
False
Let i(z) = 2444*z + 121. Let v(b) = -2446*b - 121. Let h(c) = 3*i(c) + 4*v(c). Is h(-3) composite?
True
Let b(t) = 3*t**2 - 5*t + 18. Let c(q) = q**2 - 17*q + 26. Let m be c(16). Let u be b(m). Suppose -r + 909 = u. Is r prime?
True
Let w = 97051 - 55277. Is w a prime number?
False
Let u be 7/(7/(-2)) + 3 - -3. Let v(z) = z**3 + 3*z**2 - 7*z - 2. Let y be v(u). Suppose -y = -l - 4*x, -3*l - 2*x + 226 = -0*x. Is l a prime number?
False
Suppose -14*k + 67 = -31. Suppose 14*a = -k*a + 36351. Is a composite?
True
Let i(j) be the second derivative of 77*j**4/4 + 7*j**3/3 + 53*j**2/2 + 136*j. Is i(-5) composite?
True
Suppose u + 16 = 3*p, -5*u + 15 = 4*p - 0*p. Suppose p*f + 3*v = 51161 - 7888, 0 = 2*f + 2*v - 17306. Is f prime?
False
Let x = 2086145 - 1433950. Is x a composite number?
True
Suppose 0 = -4*s + 10 + 2, c - s - 212894 = 0. Is c composite?
False
Let z(f) = f**2 + 19*f + 33. Let n be z(-18). Suppose 3*v - 21 = -5*a + n, -3*a + 12 = 5*v. Is (141/a)/(1/21) a composite number?
True
Suppose 3*w = -3*s - 69 - 126, 329 = -5*s - w. Is (-53988)/s*((-58)/4)/(-1) a prime number?
False
Let g(f) = 148*f**2 - 10*f + 10. Let a be g(7). Suppose a + 167 = 11*q. Is q a prime number?
False
Suppose -6482*p + 6488*p = 599766. Is p composite?
False
Let k(b) = 471*b**2 + 10*b + 1. Let x be k(3). Let v be (-3)/(-9) + x/6. Is (-29046)/(-26) + (-7 - v/(-104)) prime?
True
Let p be 604/12 - (2/(-6))/(-1). Suppose -4*a = -38 + p. Is a*(406/4)/(24/(-16)) prime?
False
Let k(z) = 144*z**2 + 7*z - 158. Is k(17) composite?
True
Let v = 5372 - 2381. Suppose t - 321 + v = -3*a, -2*a = 2*t + 5360. Is 2 + t/(-5) + (2 - 0) composite?
False
Suppose -1675536 - 7985267 = -47*u. Is u composite?
False
Let b = 2047 + 3493. Suppose -3*x - 6 = 0, 0*x = 4*u + 2*x - b. Suppose 0*k - 5*m = -2*k + u, -2*m - 1374 = -2*k. Is k a prime number?
True
Suppose -6 = -3*c - 3*l, 2*c - 4 = 3*l + 10. Suppose 6*f + 13800 = c*t + 3*f, -f = -4*t + 13808. Is t a composite number?
True
Let x = 220432 + -82275. Is x prime?
True
Let h be 1/(1 + (-12)/18). Suppose h*f = 7*f - 4748. Is f a prime number?
True
Let i be 8/56 - (30084/(-14) + -2). Suppose 11*v = 2*v + i. Is v prime?
True
Let y = -48 + 49. Suppose 19*b = y + 56. Suppose -b*r - 2058 = -3*f, -f + 3*r = 4*f - 3440. Is f a composite number?
False
Let o = 109 + -102. Suppose y - n = o, 5*y - y = -2*n + 4. Suppose y*a - 6239 = -a - c, -5*c = 25. Is a composite?
True
Let r(i) = 262*i**2 + 9*i - 15. Let l be r(6). Let g = l - 3500. Is g prime?
False
Suppose -96 = -6*l - 10*l. Suppose -l*n - 14751 = -15*n. Is n prime?
False
Let u = -337 + 316. Is (-1196255)/(-105) + (-2)/u a composite number?
False
Suppose -8*p - 455434 = -2*v - 13*p, -2*p = 5*v - 1138585. Is v a prime number?
False
Suppose 8*c - 3531 = -3*a + 13*c, -5*a + 5885 = -4*c. Suppose 0 = -4*q + 12, l + 0*l - a = 4*q. Is l a composite number?
True
Let k(s) = -1185*s**3. Let c be k(-1). Suppose 3*x - 32 = -20. Suppose -x*n = n - c. Is n prime?
False
Is (-9)/(432/(-32))*(-41889)/(-2) a prime number?
True
Suppose 10*h - 4*z + 44 = 12*h, 3*z = h - 2. Is 1*(-1 + 1562) + -8 + h a composite number?
False
Let u(z) = 18*z**2 - 19*z + 22. Let p = -354 + 369. Is u(p) composite?
True
Let w(n) = 17493*n - 356. Is w(5) prime?
False
Let d = -85 - -89. Suppose d*a + 19 = b, 0 = -4*b - 4*a + 9 + 7. Is 65/(-2)*b/(70/(-12)) a prime number?
False
Let b(z) = -z**2 - 9*z - 8. Let v be b(-8). Suppose v = -3*u - 11424 - 924. Is (-2)/13 + u/(-52) composite?
False
Let c = 117484 - -234005. Is c prime?
False
Suppose 22913*k = 22910*k + 1530039. Is k prime?
False
Let w(f) = -f**3 - 24*f**2 - 184 - 2*f**2 + 213 - 24*f. Let g be w(-25). Suppose -g*j + 620 = -2*d, 2*d - 793 = 8*j - 13*j. Is j prime?
True
Let a = 55088 - 34911. Is a a prime number?
True
Let w(y) = -27895*y + 6. Is w(-1) a composite number?
False
Suppose 28*d + 204*d - 31*d = 844401. Is d a composite number?
False
Suppose 0 = -5*h - g + 370654, -3*g + 60909 + 13219 = h. Is h composite?
False
Let j(g) = -g**3 - 81*g**2 - 167*g + 71. Is j(-84) a prime number?
True
Suppose 0 = 5*q + 9 - 29. Suppose q*b - 16492 = -4*u, -5*u = -4*b - b - 20595. Is u a composite number?
True
Suppose -4*v - 20*a + 22*a = 52, 5*v + a = -72. Is 14/(-49) + (-81190)/v + 0 composite?
True
Let t(u) = 420*u**2 - 45*u + 523. Is t(8) composite?
False
Let f = -8 - -11. Suppose 0 = -f*x + 6*x - 9. Suppose 0 = -x*r + 427 + 794. Is r composite?
True
Suppose -n - 8019 = -51674. Is n a composite number?
True
Suppose -8*m = -39*m + 214644. Let n = -3991 + m. Is n composite?
True
Suppose -6*s + 22*s = -9*s + 8578175. Is s a prime number?
True
Suppose 27*m + 49 = 184. Suppose 2*n - m*w - 9249 = 0, -8*w + 9*w - 9255 = -2*n. Is n a composite number?
True
Let m = 60 - 66. Let v be (6 - 4)/(m/27). Let g(x) = x**3 + 8*x**2 - 14*x + 4. Is g(v) prime?
False
Let m(i) = -4*i + 3. Let q be m(13). Let x = 45 + q. Is (-631)/(-4) - ((-11)/x - 2) a prime number?
True
Let w = -70 + 68. Let u(z) = -6401*z + 69. Is u(w) a composite number?
True
Let h be 27*1 - (-18 - -21). Let f = -9219 - -5413. Is f/(-12) + (-4)/h a composite number?
False
Is (-285)/228 + (-707211)/(-12) composite?
True
Let z(n) = -4 - 13*n - 3*n**2 + n**2 - 2*n. Let d be z(-7). Is 1 + (-2 + d)*448 a composite number?
False
Let f = 687 + -451. Let v = 440 - 427. Let q = f - v. Is q composite?
False
Let w = 218218 + 809713. Is w a prime number?
True
Let w(n) = -n**3 + 12*n**2 - 7*n + 6. Let r be w(-18). Let v = r - 5899. Is v composite?
True
Let q be (616/(-35))/((-12)/5730). Suppose -20*r = -16*r - q. Is r a prime number?
False
Let f(y) be the second derivative of -y**2 + 2*y - 589/6*y**3 + 0. Is f(-1) composite?
False
Suppose -72496 = -8*w + 4*w + 2*r, r - 90613 = -5*w. Let z = w + -10601. Is z a composite number?
True
Let t = -29332 + 41212. Suppose 6*p - 3*p - t = 0. Let m = p - 2789. Is m a composite number?
False
Suppose -5*w - 2*i = -0*i - 10, -w - i = -2. Suppose 5*o - c - 5408 = 0, -3*c - 1442 - 729 = -w*o. Is o composite?
True
Suppose -1371475 - 1110348 = -235*f + 4775212. Is f prime?
True
Suppose -28*m - 6 = -29*m. Suppose 8 - m = 2*h. Suppose h = -g, -4*g = 4*x - 85 - 335. Is x a composite number?
True
Let g(h) = h**3 - h**2 + h + 1. Let n(r) = 8*r**3 - 4*r**2 + r - 15. Let x(y) = 4*g(y) + n(y). Is x(6) prime?
False
Let o(u) = u**3 - 6*u**2 + u + 5. Let x be o(5). Let l be -3*((-56)/60 - 9/x). Is 1/(l*3/3246*2) prime?
True
Is ((-1353060)/(-6))/5 + (-9 - -16) composite?
True
Let n(g) = 9*g + 926. Let u be n(0). Let m = -203 + 395. Let y = u - m. Is y a composite number?
True
Let s = -235 + 237. Suppose 21550 = 4*f - s*d, 3*f + 5*d - 16160 = 4*d. Is f a composite number?
False
Let t(h) = 27*h - 12. Let a be t(7). Let x = 14 + a. Is x a prime number?
True
Let l(w) = 61*w + 11 - 8 - 40 + 267*w + 36*w. Suppose f = -1 + 7. Is l(f) a composite number?
True
Let q = -443518 + 856131. Is q composite?
True
Let n be (-1)/2*(-25 - -15). Suppose b + 33064 = 4*h, 0 = -n*b + 18 + 2. Is h prime?
False
Let x be (-1)/(-3) - 58594*(-6)/36. Suppose 0 = 25*r - 23*r - x. Is r a prime number?
False
Let n be 12 + 13 + -13 + -7 + 1. Is 287/((-22)/(-66) - (-4)/n) a composite number?
True
Let p(c) = 237*c**3 - 2*c**2 + 11*c - 4. Let u be p(3). Suppose 0 = 20*f - 30*f + u. Is f prime?
True
Let x(t) = -414*t**3 + 8*t**2 - 3*t + 12. Let c be x(-4). Let s = c + 9389. Is s a composite number?
False
Let m(q) = -q**2 + q. Let z(c) = 4*c**2 - 12*c + 5. Let w(y) = 6*m(y) + z(y). Let x be w(-5). Let d(o) = -o**3 - 10*o**2 + 17*o + 1. Is d(x) a composite number?
True
Let 